0 - 15. What is m(w)?
4
Let b = 2 - -23. Suppose 0 = -2*p - 5*m - 5, 2*p - 4*p + 5*m + b = 0. Let y(i) = -7 - 3*i**3 + 4*i**3 + 5*i - 6*i**2 + 0*i**3 + 0*i**2. Determine y(p).
-7
Let y(w) = -13 + 2 + 6 - 2*w + w**3 - 5*w**2. Calculate y(6).
19
Let j(n) = -n**3 + 4*n**2 - n + 1. Suppose -8*s + 10 = -22. Determine j(s).
-3
Suppose 4*p = 5*l + 5, 0*l + 2 = -4*p - 2*l. Let x = p - 0. Let f(y) = y + x - 1 - y + y**2 - y. What is f(-1)?
1
Let x = -26 + 15. Let s = -7 - x. Let i(b) = -3*b - 3*b**2 + 0*b**2 - 3 + s*b**2. Calculate i(3).
-3
Let s(k) = -3*k - 6. Let b(v) = 15*v + 31. Let n = 13 - 11. Let x(o) = n*b(o) + 11*s(o). What is x(-5)?
11
Let u(z) = 4*z**2 - 1. Let h = 23 - 18. Suppose -9*q + h = -4*q. Calculate u(q).
3
Let y = 7 + -10. Let j be y + 1 - (-16 + 8). Let u(r) = r**3 - 7*r**2 + 5*r. Give u(j).
-6
Let p(z) = -z**3 - 3*z**2 - 2*z - 1. Let o = 18 - 21. Give p(o).
5
Let g(p) = -5*p + 4*p + 0*p + 2. Let t = 7 - 3. Calculate g(t).
-2
Let d(f) = -358 + 356 + 0*f - 3*f + 2*f**3. Determine d(-2).
-12
Let o(s) = -s**2 + 3. Let n be o(3). Let b(u) = -1 - u**2 - 2 + 2 - 7*u - 4. Calculate b(n).
1
Let y(j) be the first derivative of j**3/3 - 9*j**2/2 + 3*j - 10. Give y(9).
3
Let x be ((-8)/14)/(12/(-42)). Let v(s) = -2*s**2 + 3*s. Calculate v(x).
-2
Let z(i) = i**2 + i. Let v(w) = -3*w**2 - 9*w - 2. Let k(g) = v(g) + 4*z(g). Let s = 9 - 5. Calculate k(s).
-6
Suppose 5*q = 19 + 11. Let m(l) = l - 3. Give m(q).
3
Let x(i) be the first derivative of -i**3/3 - i**2 - 5*i - 44. Calculate x(-6).
-29
Let w(b) = 6*b**2 - b + 1. Let g be w(1). Suppose -5*n + 16 = g. Let h(j) = 0*j**2 + 1 + 1 - 2*j**2. Give h(n).
-6
Let r(i) = -i**3 + 3*i**2 + 2*i - 3. Suppose -2*q = -8*q + 18. What is r(q)?
3
Let m(r) = -r**2 + 6*r - 2. Let x be m(5). Suppose -l - x*l = f + 14, 3*f - 5*l = 26. Let j(i) = 2*i**f - 1 - 5*i + 5*i. Give j(-2).
7
Let p be (-24)/15*10/(-4). Suppose -4*c + 24 = -3*v, -v = p*c - 10 + 2. Let n(a) = a**2 + a - 2. Calculate n(c).
10
Let t(m) be the third derivative of 0 - 5*m**2 - 7/24*m**4 + 0*m + 1/3*m**3. Determine t(-2).
16
Suppose -2*x + 3*c - 34 = 0, 4*x + 65 - 11 = -c. Let b = -7 - x. Let p(j) = j**2 - 8*j + 5. Let g be p(b). Let n(r) = r**2 - r - 1. Determine n(g).
5
Let d(g) = -g**3 + 9*g**2 + g - 4. Let y(k) = -k**3 - 5*k**2 + 4*k - 3. Let h be y(-6). Let t be d(h). Let s(i) = i**3 - 6*i**2 + 5*i + 5. Calculate s(t).
5
Let i(x) be the third derivative of -x**5/60 - x**4/8 + x**3/2 + 2*x**2. Calculate i(2).
-7
Let w(n) be the first derivative of -n**3/3 + 3*n**2 - n + 1. Suppose -3*t + 5 = -10. What is w(t)?
4
Let w(m) = -303 - m + 150 + 147. Let g(z) = -z + 2. Let f be g(7). What is w(f)?
-1
Let v(c) = 16*c - 2*c + 5 + 4. Let a(x) = 5*x + 3. Let d(l) = -17*a(l) + 6*v(l). Let u be -18 + 22 - 2*1/(-2). Calculate d(u).
-2
Let n(l) = -4*l**2 - 4*l + 5. Let p(q) = 3*q**2 + 4*q - 5. Let h(u) = -4*n(u) - 5*p(u). Let i be h(4). Let s(z) = z + z**2 + z - 50 - 6*z + 49. Give s(i).
4
Let d(u) = -6*u**2 + u + 1. Let h be (12/8 - 2)*2. Calculate d(h).
-6
Let d(c) be the third derivative of 2*c**2 - 1/20*c**6 + 0*c + 1/6*c**3 - 1/24*c**4 - 1/60*c**5 + 0. Let k(q) = -q. Let n(p) = -d(p) + k(p). Give n(1).
6
Suppose -3*q + l - 46 = -126, 3*q - 76 = 5*l. Let u(o) = -7*o - q*o**2 + 28*o**2 + 1 + 3*o + 2. Determine u(5).
8
Let n(s) = 3*s**2 + 2*s - 3. Let w(d) = 2*d**2 + 12*d + 2. Let m be w(-6). Determine n(m).
13
Let r(x) = -2*x**2 + 2*x - x**3 + 0*x + 6*x**2 + 3*x. Calculate r(5).
0
Let x(c) be the second derivative of c**3/3 - 3*c**2/2 + 10*c. Give x(4).
5
Let a(k) = 2*k - 3. Let u(s) be the third derivative of -s**4/24 + 2*s**2. Suppose -5 = 4*o - 3*o. Let w be u(o). Determine a(w).
7
Let k(l) = l**2 - 10*l - 10. Let p(j) = j**2 - 11*j - 11. Let s(c) = -6*k(c) + 5*p(c). Let f be 2*2 + (5 - 4). What is s(f)?
5
Suppose -68*t + 64*t = 20. Let j(o) = o**2 + 7*o + 3. What is j(t)?
-7
Let r(u) = 12*u - 21. Let i be r(2). Let s(c) = -c**3 + c**2 - 3*c + 2. Give s(i).
-25
Let s(b) = 8*b**2 + 3*b**3 - 7 - 2 - 2*b**3 + 6*b. Let y be s(-7). Let o be (1/2)/(y/(-4)). Let j(k) = 3*k + 1. Determine j(o).
4
Let r(z) = -z - 1. Let h(d) = -6*d + 5. Let v be h(2). Calculate r(v).
6
Let v(g) = g**3 - g**2 + 4*g - 3. Let d be (10/2 - 3)*-1. Let p be 9/4 + d/8. Suppose 2*u = u + p. Give v(u).
9
Let o(r) = 7*r + 1. Suppose 0 = -5*x + 4*y + 120, 4*x = 2*y + 75 + 27. Suppose 0 = 3*q - 7*n + 2*n - x, 3*q + n = -2. Calculate o(q).
8
Let g = -8 + 10. Let i(v) = -g*v - 4 + 0 + 6*v**3 + 3. Determine i(-1).
-5
Let o(a) = a**2 - 7*a + 6. Let j(s) = 2*s + 6. Let t be j(0). Let v = t - 2. Give o(v).
-6
Let q(r) = r**3 + 6*r**2 - r - 3. Let c = 35 + -41. Give q(c).
3
Let z(p) = -5. Let f(x) = x + 10. Let a(y) = -3*f(y) - 5*z(y). Let h = 4 + -9. Give a(h).
10
Let g(d) = d. Let m(j) = 4*j**3 - 3*j + 1. Let t(h) = 2*g(h) + m(h). Let i(w) = -4*w + 3*w + 1 - 4*w - w**2 + 3*w. Let s be i(-2). Determine t(s).
4
Let y(m) = 0*m**2 + 3*m**2 + m**3 + m + 1 + 4 - 3. Let r(x) = -x**2 - 4*x + 2. Let n be r(-5). Determine y(n).
-1
Let v = 41 + -23. Let k be (v/(-15))/((-2)/5). Let h(z) = -3*z**3 - 3*z**2 - 3*z + 7. Let p(c) = -c**3 + 1. Let n(q) = h(q) - 4*p(q). Calculate n(k).
-6
Let z = 6 - 6. Let w(g) = -8*g**2 + 1 + g**2 + z*g**2. Calculate w(1).
-6
Let k(r) = -13*r - r + 20*r - r**2 - 1. Determine k(3).
8
Let g be 2/(-4)*(2 - 0). Let p(r) = -r**2 - 7*r - 7. Let j(i) = -i. Let x(q) = g*p(q) + j(q). What is x(-5)?
2
Let i(z) be the first derivative of z**3/6 - 7*z**2/2 + 4*z - 2. Let u(t) be the first derivative of i(t). Calculate u(5).
-2
Let c(v) = 5*v**2 + 9*v + 24. Let l(u) = -u**2 - 2*u - 5. Let m(k) = -2*c(k) - 11*l(k). Give m(-6).
19
Let y(i) = i + 2. Let k be y(0). Let n be 51/15 + k/(-5). Let h(x) = 1 - 2 + 0 - 2*x. Give h(n).
-7
Let n(q) = 2*q**2. Let m be n(-1). Let a(x) = x**2 - 5*x + 5. Let r(s) = -s**2 + 4*s - 6. Let w(k) = m*r(k) + 3*a(k). Determine w(6).
-3
Let p(c) = -c**3 + c**2 + 1. Let y(i) = -2*i**3 + 3*i**2 + i + 2. Let r(o) = -p(o) + y(o). Calculate r(3).
-5
Let w(q) be the second derivative of -1/2*q**2 + 0 + 1/3*q**4 + 1/20*q**5 - 5*q + 0*q**3. Suppose 6*s + 15 = s. Determine w(s).
8
Suppose 0 = 7*j - 2*j + 5. Let y(k) = -k**3 + 6*k**2 + 2*k - 7. Let u be y(6). Let i(d) = -2*d + u*d - 4*d. Give i(j).
1
Let t(a) = 3*a + 5. Let s be t(0). Let c(h) = -h + 9. Determine c(s).
4
Let l(d) = 5*d**2 + 10*d + 9. Let m = -5 - 1. Let j(y) = -6*y**2 - 11*y - 10. Let k(w) = m*j(w) - 7*l(w). What is k(4)?
-3
Let x(c) = c - 1. Let n be x(1). Let h = 0 - n. Let w(g) = 0 + h + 2 + g + 4*g**2 - 3*g**2. What is w(-2)?
4
Let n(t) = t**3 - 11*t**2 + 14*t - 30. Let z be n(10). Let c(r) = r - 4. Let d be c(-6). Let x = d + z. Let s(k) = -k**2 + k - 7. Calculate s(x).
-7
Let o(u) = -5*u**2 - 2*u + 3. Let i(x) = 5*x**2 + 5*x - 6. Let d(l) = -l + 1. Let q(m) = 2*d(m) + i(m). Let g(r) = 4*o(r) + 3*q(r). Give g(-1).
-6
Let m(u) = -u**3 + 8*u**2 + 8*u + 6. Suppose -5*a + 4*p + 33 = 0, -3*a + 0*p + 24 = -p. Calculate m(a).
-3
Let u = 6 - -4. Suppose -6*x + u = -x. Suppose 8 = x*c + 3*t + 21, -4*c + t = 5. Let d(f) = -f**3 - 2*f**2 + 1. Determine d(c).
1
Let v(t) be the first derivative of -t**4/4 - 2*t**3 - 7*t**2/2 + 4. Let q(o) = -2*o**2 - 3*o + 4. Let s be q(-3). Calculate v(s).
10
Let a(u) = 2*u**2 + 3*u - 2. Let m(w) = 5*w**2 + 9*w - 6. Let g(z) = -z**2 + 4*z. Let k be g(2). Let y(t) = k*m(t) - 11*a(t). Calculate y(3).
-11
Let c(s) = -s**2 + s - 1. Let u(r) = -2*r**2 + 7*r. Let z(h) = 3*c(h) - u(h). Let b(k) = -k + 17. Let m be b(8). Let d = 6 - m. Determine z(d).
0
Suppose -4*a = 2*w + 4, -5*w - 14 = -5*a + 11. Let o = -14 - -8. Let x be (-75)/10*w/o. Let k(r) = r**3 + 4*r**2 - 6*r. Determine k(x).
5
Let l(p) = p**3 + 4*p**2 + 3*p. Let y be l(-2). Let q(h) = -11*h + 0*h + 15*h - h**2 - 2. Calculate q(y).
2
Let q be 3/(-3) - 0 - 17. Let y be ((-30)/q)/((-2)/(-6)). Let h = y + -8. Let k(s) = s + 4. What is k(h)?
1
Suppose 3*w + 5*c = 12, -3*c + 0*c + 12 = -3*w. Let p(v) = -6*v + 3*v**2 + 12*v - 7*v. Give p(w).
4
Suppose -10 = 2*f + 10. Let w be ((-8)/f)/((-3)/15). Let x(r) = 2*r**2 - 5*r. Let n(o) = -3*o**2 + 9*o - 1. Let g(a) = -3*n(a) - 5*x(a). What is g(w)?
-5
Let l(s) = s**3 - 4*s**2 - 3*s + 2. Let v(f) = f. Let x(c) = -2*c - 3*c + 1 + 0. Let n be x(1). Let h(m) = n*v(m) - l(m). Give h(4).
-